uppose 5*k + 5*w - 10 = 0, -3*k + 3*w = -w - 27. Suppose 3*n + 16 = k*n. Let o(r) = r - 4. What is the remainder when o(n) is divided by 2?
0
Calculate the remainder when 138/8 + (-4)/16 is divided by (-132)/(-28) - -1 - (-2)/7.
5
Let c(p) = -p**2 - 17*p - 5. What is the remainder when c(-16) is divided by 7?
4
Suppose -2*q = -f - 9, -4*f + 1 = -2*q - f. Suppose -43 = -g + q. Calculate the remainder when g is divided by 585/35 + 4/14.
16
Let m(c) = 2*c + 6. Let t be m(-5). Let j be (-57)/21 - t/(-14). Calculate the remainder when 2 is divided by ((-2)/1)/(3/j).
0
Let z(a) = 5*a - 4. Let j be z(3). Let l = 22 - j. Calculate the remainder when 30 is divided by l.
8
Let x = -44 - -86. Calculate the remainder when x is divided by 15.
12
Let w = 93 + -41. Let x = w - 37. Calculate the remainder when 43 is divided by x.
13
Let z(f) = 2*f**2. Let u be z(1). Suppose c - 3 = -u. Calculate the remainder when 1 is divided by c.
0
Suppose -5 = -z + 6. Calculate the remainder when 31 is divided by z.
9
Let x(v) = v**3 - 8*v**2 - 6*v - 19. Calculate the remainder when x(9) is divided by 8.
0
Let b be (591/6)/((-2)/(-4)). Let d = -125 + b. Let g = d - 32. What is the remainder when g is divided by 14?
12
Let d = -38 + 44. Let r be 24/18 + (-4)/(-6). Suppose 4*w + r*p - 46 = w, 2*w = -5*p + 27. Calculate the remainder when w is divided by d.
4
Suppose u + 2 = 4*x - 34, 5*x + 2*u = 32. What is the remainder when 31 is divided by x?
7
Let r = 8 + -11. What is the remainder when (-1 - r) + 11 + -2 is divided by 2/(1 + 1)*4?
3
Let w(n) = n**3 + n. Let b(u) = -u**3 + 2*u**2 + 2. Let q(r) = -b(r) + 3*w(r). Calculate the remainder when q(2) is divided by 15.
13
Suppose -89 = -5*p + 381. What is the remainder when p is divided by 19?
18
Let w = 2 - -1. Suppose -w*i + i + 100 = 0. What is the remainder when i is divided by 13?
11
Suppose 4*q - 298 = -5*r, -54 = -r - 3*q + 5*q. What is the remainder when r is divided by 20?
18
Let x = -6 + 11. Suppose -2*z = 3*z - i - 82, -2*z + 19 = -5*i. Calculate the remainder when z is divided by x.
2
Suppose 3*w + 720 = 13*w. Calculate the remainder when w is divided by 37.
35
Let r = -14 + 34. Let t = -16 - -28. Suppose -k + 1 = 0, -2*w + 5*k = -59 - t. What is the remainder when w is divided by r?
18
Suppose 3*d = -3*o - d - 154, -3*o - d - 142 = 0. Let f = 14 - o. What is the remainder when f is divided by 31?
29
Suppose -2*g + 2 = -98. Calculate the remainder when g is divided by 13.
11
Suppose -4*r + 8 = -0. Suppose r*o - 10 = -3*o. Suppose 0 = -o*j + 32 - 8. Calculate the remainder when 22 is divided by j.
10
Let k(d) = 6*d**3 - d. What is the remainder when 32 is divided by k(1)?
2
Let g = -5 + 9. Suppose 0 = g*y - 28 - 4. Suppose -28 = -4*l + x - 5*x, 3*x = -5*l + 31. What is the remainder when y is divided by l?
3
Let p = 114 + -97. What is the remainder when p is divided by 4?
1
Let s = 47 - 69. Let w = s + 26. Calculate the remainder when 4 is divided by w.
0
Suppose 116 = 19*t - 929. Calculate the remainder when t is divided by 10.
5
Suppose 130 = 4*v + 3*o, -2*v = -3*o + o - 58. What is the remainder when v is divided by 17?
14
Suppose -5*d = 3*z - 162, d - 2*d = 4*z - 29. Suppose 53 - 89 = -4*k. What is the remainder when d is divided by k?
6
What is the remainder when 27 is divided by (-472)/(-32) - 1/(-4)?
12
Suppose 0 = -2*c + 4*s + 156, 155 + 137 = 4*c - 3*s. Suppose 0 = -3*g + 101 + c. What is the remainder when g is divided by 29?
28
Let d(u) = 5*u + 1. Calculate the remainder when d(5) is divided by 8.
2
Suppose -22*w - 40 = -30*w. Calculate the remainder when 52 is divided by w.
2
Let o be (-1 - -5)/((-2)/4). Suppose 6 = -2*t + 4, -3*c + 100 = -t. What is the remainder when c is divided by 1/((-1)/(-1)) - o?
6
Let p = 4 - -2. Suppose -p*l = -2*l - 452. Let c = l - 81. Calculate the remainder when c is divided by 11.
10
What is the remainder when 35 is divided by (200/15)/4*(-6)/(-2)?
5
Let b = -63 - -89. What is the remainder when b is divided by 14?
12
Let a = -5 - 5. Let q = a + 12. Let p(n) = n + 7. What is the remainder when q is divided by p(-6)?
0
Suppose -17*f + 1790 = -12*f. What is the remainder when f is divided by 40?
38
Let t be 0 + (0 - 4 - -2). Let z = 117 + -99. Calculate the remainder when (t/(-4))/(2/212) is divided by z.
17
Suppose 0 = -5*n - 3*w, -20 = -5*n + w - 0*w. Let y = -89 - -94. Calculate the remainder when y is divided by n.
2
Suppose 0 = -b + 4*a - 21, -3*b + 7 = -a + 59. Let z = -31 - 8. Let t = b - z. What is the remainder when t is divided by 12?
10
Suppose -4*v - 35 + 167 = 0. Calculate the remainder when 129 is divided by v.
30
Calculate the remainder when 26 is divided by -6*(-3)/4*(1 - -1).
8
What is the remainder when 9/4 - 4/16 - -59 is divided by 16?
13
Let n(i) = 7*i + 47. Let x(b) = -4*b + 6. What is the remainder when x(-7) is divided by n(-5)?
10
What is the remainder when 15 is divided by -5 - 13/(-1) - (-6)/(-2)?
0
Suppose 0 = 7*z - 12*z + 30. Calculate the remainder when z is divided by 4.
2
Let g = -9 + 24. Let p be ((-32)/(-20))/((-3)/g). Let f = 20 + p. What is the remainder when 35 is divided by f?
11
Suppose 0 = 3*g + 5*q - 109, -15 - 56 = -2*g - 5*q. What is the remainder when g is divided by 14?
10
Suppose 0 = p - 0 - 11. Suppose -5*s - 4*l = -79, -s + l + p = -12. What is the remainder when s is divided by 7?
5
Let x(t) = t**3 - 3*t**2 + 3. What is the remainder when x(5) is divided by 29?
24
Let p(r) = -4*r - 2. Let q be p(-2). Suppose -2*c - q = -5*c. Calculate the remainder when c is divided by 2.
0
Let m be -1 - (-2 - 2 - 2). Let c(h) = -h**3 + 6*h**2 + 2*h - 6. Suppose b - 11 = 4*w, -w = -4*b + 8*b - 61. Calculate the remainder when c(m) is divided by b.
14
Suppose -l = 5*o - 50, 0*o = -2*l - o + 100. Suppose 0 = -0*s + 2*s - l. Calculate the remainder when s is divided by 14.
11
Let j = -5 + 18. Calculate the remainder when 36 is divided by j.
10
Let i(l) = -l**2 - 10*l - 4. Let j be i(-9). Suppose -129 = -j*q - 49. What is the remainder when 47 is divided by q?
15
Let g = 6 - -13. Let n(o) = -o + 2. Let p be n(-2). Suppose 12 = -i - p*z + 32, -i + z = -40. What is the remainder when i is divided by g?
17
Suppose -2*s - 1 = -o - 3*s, -4 = s. Let h = 8 - o. What is the remainder when 4 is divided by h?
1
Let w be (22/(-3))/((-12)/18). Suppose 3*u - 7 = w. Suppose 4*n - 19 = 45. Calculate the remainder when n is divided by u.
4
Let n be (-6)/33 + 2/11. Suppose n = 5*m - 261 + 31. Calculate the remainder when m is divided by 12.
10
Suppose -2*d + 2 = -100. What is the remainder when d is divided by 18?
15
Let x be (-645)/(-12) - 1/(-4). Let z = x - 26. Let j(b) = -2*b + 4. Calculate the remainder when z is divided by j(-3).
8
Suppose -241*w + 88 = -233*w. Let z be -4*-2*1/4. Calculate the remainder when 37/z - (-1)/2 is divided by w.
8
Let z(c) = c**3 - 4*c**2 + 8*c - 6. Let m be z(6). Suppose 3*u = -0*u - l + m, 3*u = -5*l + 114. Calculate the remainder when u is divided by 10.
8
Suppose 5 = z - 8. Calculate the remainder when z is divided by 4.
1
Let w = 3 + -3. Suppose -15 = 3*b - w*b. What is the remainder when (b + 2)*(0 - 13) is divided by 20?
19
Suppose d + 12 = 4*s - 0*s, -4 = d - 2*s. Let b(y) = y**3 - y**2 + 2*y. What is the remainder when b(d) is divided by 19?
18
Let z = -5 - -8. Let y(k) = 4*k - 4. Calculate the remainder when y(3) is divided by z.
2
Let o = 45 + -21. Calculate the remainder when o is divided by 9.
6
Suppose -v - 14 = -19. Suppose -108 + 18 = -v*s. Calculate the remainder when s is divided by 4.
2
Let j = 51 + 28. Let z = j - 49. Let x = 37 - 21. Calculate the remainder when z is divided by x.
14
Suppose -u - 49 = -4*h, 2*h + 4*u - 20 = -0*h. What is the remainder when 59 is divided by h?
11
Suppose -i - 3*i - 198 = -2*m, -153 = -2*m - 5*i. What is the remainder when 2/7 + m/7 is divided by 8?
5
Let o(a) = 5*a - 16. Calculate the remainder when 45 is divided by o(8).
21
Suppose 2*o = -o + 210. Let f = 39 - 15. What is the remainder when o is divided by f?
22
Let a = 8 - 2. Let j = 6 + -4. Suppose j*h - h = 16. What is the remainder when h is divided by a?
4
Let b = 30 + -14. Suppose -t + 28 = -b. What is the remainder when t is divided by 23?
21
Let n be (2 - -1) + 4/(-2). Let h(u) = -n + 0 - 2*u + 4. What is the remai